2 - 5*v - 19. What is the units digit of r(9)?
7
Let i = -97 - -169. What is the tens digit of i?
7
Let d = -6 - -11. Let c = -5 + d. Suppose c = -2*s + 4 + 12. What is the units digit of s?
8
Let c(j) be the first derivative of -j**2 - 7*j - 2. What is the units digit of c(-9)?
1
Suppose -3*x + 1684 = -4*b + 678, -4*x + 5*b = -1341. What is the tens digit of x?
3
Let q be 0 - (5 + 1)/(-3). Suppose 0 = q*w + 3*d + 1, 5*d = -3*w + 2*d + 3. What is the units digit of w?
4
Let r(w) = -w**3 - 4*w**2 + 4*w. Suppose 3*l - 5*p - 4 = 0, -2*l - 2*p - 4 = -4*l. Suppose -2*i = l*s + 7, 5*s - 3*i - 9 = -46. What is the units digit of r(s)?
5
Let i be (9 - 7)*134/4. Suppose -i = -5*f + 23. What is the tens digit of f?
1
Suppose -3*p + 21 = -0*p. What is the tens digit of 79/p + (-2)/7?
1
Suppose 3*g - 4*z - 3 = 5, -5*g - 3*z = -23. What is the units digit of g/4 - 17*-1?
8
Let g be 5 - (6/(-2))/(-3). Let p(z) = -z + 5. Let d be p(g). Suppose 0 = -o + d - 0. What is the units digit of o?
1
Let q(u) = -1 + 3 - 3 + 12*u**2. Let f be q(1). Suppose 0 = b - 0*b - p - f, -5*p - 41 = -4*b. What is the tens digit of b?
1
Suppose 5*c + m = 25, -21 = -2*c + 3*c - 5*m. Suppose 9*l - 45 = c*l. What is the units digit of l?
9
Let q be 0 - 1/1*-4. Let p = q + -13. What is the tens digit of (2*p)/(6/(-4))?
1
Suppose 75 = 5*a - n - n, 0 = -2*a + 5*n + 51. Let b be -1 + -2*15/(-6). Suppose -l + x + a = b*x, -2*l - 2*x = -14. What is the units digit of l?
4
Suppose 1 + 21 = -5*s + 2*h, -5*s - 17 = 3*h. Let r = -3 - s. Suppose 6 = g + r. What is the units digit of g?
5
Suppose 0*s + 4*s = 4. Suppose s = -p - 3*l + 9, 0 = -3*p + 2*l - 9. What is the units digit of p/(-5) - (-79)/5?
6
Suppose -35 = -3*f + 4*q, 5*f + 3*q = 8*q + 65. Let b = f + -3. What is the units digit of b/3*9/6?
7
Let n(i) = -2*i**3 - 15*i**2 - 9*i + 4. What is the tens digit of n(-7)?
1
Suppose s + 4 = 3*s. Let b(k) = -k + 2. Let t be b(s). Suppose t = w + 3*w - 20. What is the units digit of w?
5
Suppose 0*b + 2 = b. Suppose -5*t - 2*v + 47 = 0, 0 = -4*t - b*v + 5*v + 56. What is the units digit of t?
1
Suppose u - 6 = -0*v - 3*v, -24 = -4*u - 3*v. Let j = u - 3. Suppose 2*z - z = j*o - 2, 4*o - 2*z = 0. What is the units digit of o?
2
Suppose -5*m + 3*i - 4*i = -10, 4*i = 2*m - 4. Let j = 3 + -3. Suppose -g - 2*n - n + 25 = j, -m*n = -8. What is the units digit of g?
3
Suppose -24 = 6*x - 3*x. Let y = x - 2. What is the units digit of ((-6)/(-5))/((-4)/y)?
3
Suppose 172 = -7*x + 2468. What is the hundreds digit of x?
3
Suppose -4*i + 5*m + 7 = -0*i, 0 = 4*i + 4*m - 16. What is the units digit of -5*(-6 + i - -2)?
5
What is the units digit of -3*(-3 - (2 + (-14)/(-6)))?
2
Let s = -8 - -10. Suppose -h = -27 + s. Suppose -5 = 2*g - h. What is the units digit of g?
0
Let v(a) = -a**3 - 10*a**2 + 4*a + 17. What is the tens digit of v(-11)?
9
What is the tens digit of (-6)/5*(1 + -16)?
1
Let u be 5/2*(-4)/2. Let j = 6 + u. What is the units digit of j?
1
Suppose -2*h + 121 = -4*l + 499, -2*h + 287 = 3*l. Suppose 0*p + a - l = -4*p, 3 = a. What is the units digit of p?
3
Let j be 1/(-3) - (-1883)/(-21). Let d = -62 - j. What is the tens digit of d?
2
Suppose 5*z + 3*k + k - 14 = 0, 0 = 5*k + 20. What is the units digit of z?
6
Suppose 0 = -n + 10 - 3. Suppose -n = -2*l + 5. What is the units digit of ((-10)/3)/(l/(-27))?
5
Suppose 4*q - 2*p = 34, -3*q + 31 = -2*p + 3. Suppose r + q = 4*r. What is the tens digit of r/(1/(-15)*-2)?
1
Let c = 4 - 6. What is the units digit of (-2)/4*c*7?
7
Suppose 4*i + 12 = 3*i. Let a be (-6)/1*8/i. Suppose -a*j + 2*g + 36 = 0, -3*j + g = -2*j - 11. What is the units digit of j?
7
Let o = -11 - -16. Suppose -10*w = -9*w - 2. What is the units digit of (-1)/((-3)/(o - w))?
1
What is the units digit of 160/30*(-18)/(-8)?
2
Suppose -t = 2*t + 66. Let f = 36 + t. What is the units digit of f?
4
Let i be (2 + 2)*(-6)/(-8). Let o be 20/1 - (-3 - -3). Suppose 2*k + i*y - y = 12, -3*y = 4*k - o. What is the units digit of k?
2
Let z be (-30)/(-5) - (-1 + -1). What is the units digit of (4/16)/(2/z)?
1
Let l be -1*11/(-4)*-4. What is the units digit of l/(-22)*1*2?
1
Suppose -3*t + 5*g - 29 = 0, -g - 3*g = 3*t + 47. Let u = t + 24. What is the tens digit of u?
1
Let j be -3*1/(12/(-8)). Suppose -5*b + 111 = -j*b. What is the units digit of b?
7
Suppose 4*t - 185 - 163 = 0. What is the units digit of t?
7
What is the units digit of ((-310)/(-15))/(1/3)?
2
Let v(h) be the first derivative of -3*h**4/4 + 2*h**3/3 - h - 3. Let j be v(-1). Let n(m) = -m**2 + 6*m - 1. What is the units digit of n(j)?
7
Let d(m) = m**3 - 3*m**2 - 2*m + 3. Suppose -2*x + 3 = -x. Let w be d(x). What is the units digit of (1 - 0)/(w/(-42))?
4
What is the units digit of ((-318)/(-18))/(4/24)?
6
Suppose 138 = -0*d + 2*d. Suppose -y + 35 = -0*y - 3*b, d = 3*y + 3*b. What is the tens digit of y?
2
Let a = -3 + 5. Let q = 0 + a. Suppose -1 = q*r - 7. What is the units digit of r?
3
Let d(a) = -29*a - 1. What is the units digit of d(-1)?
8
Suppose 3*m + 8 = m. Let o(k) = k**3 + 4*k**2 + 2. Let f be o(m). Suppose 6*r = r - 5*t + 55, f*t - 61 = -5*r. What is the tens digit of r?
1
Let r(x) = 31*x + 6. What is the tens digit of r(2)?
6
Let p(t) = -t**2 + 4*t. Let u(k) = k - 1. Let z(q) = p(q) + 2*u(q). Let j be z(6). Let x = -1 - j. What is the units digit of x?
1
Let i be 5/(15/117) - 4. What is the tens digit of 1355/i - (-2)/7?
3
Let m = 92 - 45. What is the units digit of m?
7
Suppose -3*i + 8 = -i. Let p = i + 6. What is the units digit of p?
0
Let p(x) = -2*x - 6. Let s be p(-4). What is the units digit of (0 - 0) + 0 + s?
2
What is the tens digit of 4/(-20) + 222/10?
2
Suppose 7*h - 532 = -0*h. What is the tens digit of h?
7
Let y(j) = -j**3 - j**2 + 4*j + 5. What is the tens digit of y(-4)?
3
Let p = -102 + 264. What is the units digit of p?
2
Let q(l) = -l - 7. Let k be q(-7). Let b(g) = -g**3 + 6*g**2 + 7*g + 2. Let z be b(7). Suppose k = z*w - 8 - 2. What is the units digit of w?
5
Suppose 4 = n - 4. Let w = 0 + 3. Suppose 5*g = -w + n. What is the units digit of g?
1
Suppose 3*v - 32 = -j + 5, 5*v - 67 = j. Let i be 6/(-39) - (-67)/v. Suppose i*t + 42 = 8*t. What is the tens digit of t?
1
Let b(j) = -j**3 + 5*j**2 - 5*j + 3. Let f be b(3). Suppose -3*v - y + 2*y = -24, -2*y = f. What is the units digit of v?
7
Let o(b) = 15*b + 14. Let t be o(-5). Let m = -31 - t. What is the units digit of m?
0
Suppose 4*i = 23 - 7. Let n(f) = -f**3 + 5*f**2 - f. What is the tens digit of n(i)?
1
Suppose 0 = -u + 2*u. Let z(c) be the first derivative of c**2/2 + 2*c + 1. What is the units digit of z(u)?
2
Let j = 7 - 3. Suppose -m + 2*m - j = 0. Suppose -3*f = -2*q + 25, -5*f - 19 = -2*q - m*f. What is the units digit of q?
8
Let m be 0/((-6)/(-5 - -2)). Suppose -f - 2 = -4*c - 28, m = 5*f - 5*c - 115. What is the units digit of f?
2
What is the units digit of 3/6 + 156/8?
0
Let l(d) = d - 2. Let y be l(2). Suppose b + o + o = 32, -5*b - o + 124 = y. What is the tens digit of b?
2
Let k = 4 - 2. Let n(o) = o**2 - 2*o - 4. Let b be n(4). Suppose -6 + 2 = k*v + b*p, 2*v = -5*p - 6. What is the units digit of v?
2
Let m(b) = 4*b**2 - 2. Let d be m(2). Suppose -3*h + 3*u = 0, -2*u = -5*h - 4*u + d. Let v(s) = -s**3 + 5*s**2 - 2*s - 1. What is the units digit of v(h)?
7
Suppose 0 = -0*i - 5*i + 190. Suppose 3*b - p + 19 = 53, 4*b - 5*p = i. What is the units digit of b?
2
Let k = -16 - -7. What is the units digit of (k/6)/(1/(-2))?
3
Let z(r) = -18*r + 2. What is the units digit of z(-1)?
0
Let y(q) be the second derivative of q**4/12 + 11*q**3/6 + 6*q**2 - q. Let f be y(-9). What is the units digit of (-81)/f + 2/(-4)?
3
Let l(w) = w**3 + 6*w**2 + 3. Let a be l(-6). Suppose b = 4*r - 68, 2*r + a*r - 92 = 3*b. Suppose 2*o - r = -2*o. What is the units digit of o?
4
Suppose 16 = -q + 2*q + 3*s, 3*s = q - 40. What is the tens digit of q?
2
What is the units digit of (-12)/(-8)*(-74)/(-3)?
7
Suppose v = 9 + 38. Suppose 0 = -2*r + v - 7. What is the tens digit of r?
2
What is the tens digit of 9/(-36) + 170/8?
2
Suppose 0 = 3*p + 2*y - 59, 2*y + 66 + 11 = 5*p. What is the tens digit of p?
1
Suppose 4*j = -j. Suppose 5*v + 10 = 35. Suppose v*m - 75 = -5*z, j = 2*m - 0*z + z - 30. What is the tens digit of m?
1
Let w(a) = -a + 15. Le